nd f.
19
Suppose -5*q - 14 = -p - 2*q, -5*q - 10 = 5*p. What is the greatest common divisor of 16 and p?
2
Let v(d) = -1 + 4*d**2 - 2*d + 5*d**2 + 0 + d**3. Let p be v(-9). Calculate the highest common factor of 51 and p.
17
Let j = -8 + 21. Suppose 5*x - 73 = -j. Calculate the highest common divisor of x and 30.
6
Let o(c) = -98*c**3 - 2*c - 1. Let p be o(-1). Let h be (-1)/(2/(-16)) - -1. Calculate the highest common factor of h and p.
9
Let m be (-8)/(-20) + 273/5. Suppose 0 = -5*r + 103 + 7. What is the greatest common factor of m and r?
11
Let b = 28 - 16. Let v(d) = d**3 - 3*d**2 + 3*d - 5. Let t be v(5). Calculate the highest common divisor of t and b.
12
Suppose -485 = -3*i - 188. Suppose 6*g = g + 170. Suppose -g = -5*b + 11. Calculate the greatest common divisor of b and i.
9
Suppose -34 = -c - c - 4*h, 0 = 4*c - h - 59. What is the greatest common divisor of c and 105?
15
Suppose -3*j = -0*j - 312. Calculate the greatest common factor of j and 13.
13
Let n = -44 - -47. Suppose -3*z + 54 = -z. What is the greatest common divisor of n and z?
3
Let o(s) = -s**3 + 4*s**2 + 2*s - 1. Suppose 3*z = 5*g + 30, g + g - 14 = -4*z. Let l be o(g). Calculate the greatest common factor of l and 7.
7
Let v = 12 - 1. Suppose -12*n + 308 = -8*n. What is the highest common divisor of v and n?
11
Suppose c - 4*c + 5*x + 268 = 0, 4*x + 344 = 4*c. Calculate the greatest common divisor of c and 27.
27
Let z = 8 - 6. Suppose -4 = 2*l, -3*l = -2*h + 14 + z. Suppose -3*m + 0*m = -6. What is the greatest common divisor of m and h?
1
Let v = 6 + -1. Suppose -2 = -3*q + q. Let s be (75/(-6))/(q/(-2)). Calculate the greatest common divisor of s and v.
5
Let f(w) = -w**2 + 3. Let d be f(4). Let y = d + 22. Calculate the highest common divisor of y and 81.
9
Let c = -142 + 222. Calculate the highest common factor of 10 and c.
10
Suppose p = -4*p + 20. Let k(i) = 3*i**2 + i - 4 + 0*i - 6*i. Let v be k(p). What is the highest common divisor of 6 and v?
6
Let c(x) = x**3 - 4*x**2 - 6*x - 3. Let t be c(5). Let z be -10*(-5)/((-50)/t). What is the highest common divisor of 20 and z?
4
Suppose -a - 220 = -4*t, -5*a = 6 - 26. What is the highest common factor of t and 140?
28
Suppose -4*l + 14 = -2. Suppose 0 = w + 4*k + 4, 2*w + 2 = w - 3*k. Suppose 84 = w*j - j. Calculate the greatest common factor of l and j.
4
Let k(b) = 183*b**3 - 1. Let w be k(2). Let q be w/22 + (-3)/2. What is the highest common divisor of 26 and q?
13
Suppose -10 = -y - y. Suppose y*k + 8 = -m, 4*m + 0*k + 4*k - 16 = 0. What is the greatest common divisor of 1 and m?
1
Let u(y) = -y**3 - 2*y**2 - 2*y + 2. Let b(r) = -r**3 + 5*r**2 + 6*r - 3. Let l be b(6). Let x be u(l). Calculate the highest common factor of x and 68.
17
Suppose -3*p = -2*p - 9. Suppose 0 = -3*m + 12 + p. Suppose -g + m + 2 = 0. What is the highest common factor of g and 6?
3
Let a(d) = -1 + 105*d**3 + d + 0 - 86*d**3. Let p be a(1). Let i be -1*1*(-18 - 1). What is the greatest common divisor of p and i?
19
Let x(k) = -k - 1 - 2*k + 135*k**2 + k. Let d be x(-1). Suppose 2 = y - 15. What is the highest common divisor of d and y?
17
Let t be (-1188)/(-20) - 4/10. Suppose 4*q + 3*a = 264, 2*a - t = -q + 3*a. Suppose 2*j - q = j. Calculate the highest common factor of 7 and j.
7
Let h be ((-9)/3)/(-3)*-10. Let y be (-1 - 47)*h/8. Suppose -w + 4*k + 41 = 2*w, 3*k = -w + 18. What is the greatest common divisor of y and w?
15
Let w(k) = k**3 + 8*k**2 + 5*k. Let x be w(-5). Suppose -67 = -2*l - 17. What is the highest common factor of x and l?
25
Let a(f) = 2*f**2 + 6*f + 3. Let x be a(-5). Let o = x + 15. Suppose 4*r - o = 30. Calculate the highest common factor of r and 187.
17
Let r(f) = f. Let u be r(7). Let t be (-146)/(-10) + (-12)/20. Calculate the greatest common factor of t and u.
7
Let v = 24 - 22. Calculate the highest common factor of v and 10.
2
Let r(s) = -4*s. Let u = -2 - 0. Let p be r(u). Let y(z) = -4*z - 4. Let i be y(-3). Calculate the highest common factor of i and p.
8
Let w(l) = -36*l - 4. Let q be w(-4). Suppose 0*f + q = 2*f. What is the greatest common factor of f and 10?
10
Suppose -2*p + 0*p + 6 = 0, n = 5*p - 10. Suppose -n*h + 87 = -33. Calculate the highest common divisor of h and 12.
12
Suppose -4*a = -a - 9. Let f(s) = s - 1. Let h be f(-6). Let q(v) = v**3 + 8*v**2 + 6*v - 4. Let t be q(h). Calculate the highest common divisor of t and a.
3
Suppose 3 = -g + 2*g. Let z = -2 + 4. Suppose -2*n + g*j + 28 = -0*j, -4*n + z*j + 40 = 0. Calculate the greatest common factor of 12 and n.
4
Let d = 13 + 27. Let c = -63 + 68. What is the greatest common factor of d and c?
5
Suppose 0 = -0*r + r - 20. Calculate the highest common divisor of 80 and r.
20
Let d = 16 - 11. Calculate the greatest common divisor of 5 and d.
5
Suppose -r - 4*r = -1395. What is the greatest common divisor of 31 and r?
31
Suppose -5*w - 43 = -2*q, -q + 5*w + 33 = -1. Let j = 63 - 18. Calculate the highest common divisor of j and q.
9
Let x = -22 + 37. Suppose 10 + x = 5*v. What is the greatest common divisor of v and 1?
1
Suppose 2*l - 192 = -4*s, 3*s = s + l + 96. Calculate the greatest common divisor of 12 and s.
12
Let b be (-18 - (2 + 0))/1. Let l = b - -41. Suppose 0 = -5*i + l - 1. Calculate the highest common divisor of 12 and i.
4
Suppose 348 = 5*k + 2*l, 3*l + 219 = 5*k - 109. Calculate the highest common factor of k and 17.
17
Let p = -1 + 0. Let n be 36 - (p - -1)/2. Let j be (0 - -16) + (2 - 0). Calculate the highest common divisor of j and n.
18
Suppose -2*l = -4*u - 44, -2*l + 2*u + u + 43 = 0. What is the greatest common factor of l and 8?
4
Let c = -32 - -44. What is the highest common divisor of 8 and c?
4
Suppose 84*y = 85*y - 111. What is the highest common divisor of 74 and y?
37
Suppose 12 = -g + 138. Let a(n) = -n**3 + 6*n**2 - 4*n - 2. Let r be a(4). What is the highest common divisor of g and r?
14
Let s(c) = -c**2 + c + 9. Let k be s(0). Let b = -4 + k. What is the greatest common factor of b and 35?
5
Let h(b) = -3*b - b**2 - 2*b + 2 + 6*b - 2*b**3. Let w be h(-2). Calculate the greatest common divisor of w and 2.
2
Let c(z) = -z**3 - 11*z**2 - 14*z + 6. Let f be c(-11). Let o = -18 + 50. Suppose 0*m - o = -2*m. Calculate the highest common divisor of m and f.
16
Let f = 25 - 49. Let c = f - -31. Calculate the highest common factor of c and 1.
1
Let d be 9/15 - (-528)/20. Let i be (-2274)/(-27) + (-6)/d. What is the greatest common factor of 56 and i?
28
Suppose -3 = 5*v - 23. Calculate the greatest common divisor of v and 12.
4
Let o(w) = w**3 - 5*w**2 + 5*w - 1. Let d be o(4). Suppose -60 = -d*r - 0*r. What is the highest common divisor of r and 180?
20
Let q = 13 + -18. Let r(c) = 5*c**2 - 3*c - 5. Let o be r(q). Calculate the highest common factor of o and 15.
15
Suppose 6*c = c - 100. Let v = c + 47. Let i be 10*(1 + 0) - 1. What is the highest common factor of v and i?
9
Let k = -190 + 278. Suppose z - 6 = -2*h + 82, h - k = -z. Let i = 22 + -11. What is the greatest common divisor of i and z?
11
Suppose -b + 3*t + 36 = 0, -5*t = 3*b + b - 59. Let c(g) = -g - 8. Let r be c(-6). Let i be (0 - -2)/(r/(-14)). What is the highest common divisor of b and i?
7
Let m be 547/4 - 1/(-4). Let x = m + -72. Calculate the greatest common divisor of x and 13.
13
Suppose -4*s + 96 = -8*s. Let o = s - -37. Calculate the highest common divisor of o and 117.
13
Suppose -4*t = 18 - 2. Let k(n) = -n**3 - 5*n**2 - 5*n. Let u be k(t). What is the greatest common factor of 44 and u?
4
Suppose -6*t + t + 11 = 2*q, 0 = 3*q - 3*t - 6. Suppose -q*j + 4*g = -4, 3*j + g + 1 = 30. Calculate the highest common factor of j and 1.
1
Suppose -q - q + 256 = n, 3*n + q - 758 = 0. What is the highest common factor of n and 28?
28
Let f be ((-4)/8)/((-1)/104). Suppose 5*k - 57 - 12 = 3*w, 4*w = 4*k - f. What is the greatest common factor of k and 120?
15
Suppose -2*v + 37 + 73 = 0. Calculate the greatest common factor of v and 11.
11
Let h = 0 - -4. Let i be ((-18)/(-15))/((-3)/(-10)). What is the greatest common factor of i and h?
4
Let v be -1*(-4 + 7 + -2). Let q be -1 + 0 + 3 + v. Calculate the highest common divisor of 5 and q.
1
Let y be (-12)/(-5) + 2/(-5). Suppose -5*q - 4*z = -y*z - 79, -5*q = 4*z - 73. What is the highest common